7 divide 2694?
False
Is 1333 a multiple of 31?
True
Is 4419 a multiple of 85?
False
Does 69 divide 870?
False
Does 15 divide 11580?
True
Is 3437 a multiple of 7?
True
Is 25 a factor of 2844?
False
Is 17 a factor of 3652?
False
Is 324 a multiple of 27?
True
Is 3 a factor of 198?
True
Does 27 divide 368?
False
Does 11 divide 260?
False
Does 6 divide 420?
True
Is 22870 a multiple of 37?
False
Is 22630 a multiple of 146?
True
Is 6175 a multiple of 2?
False
Is 4 a factor of 116?
True
Is 13000 a multiple of 104?
True
Is 29952 a multiple of 117?
True
Does 27 divide 8383?
False
Does 77 divide 9625?
True
Is 124 a factor of 28148?
True
Is 30 a factor of 96?
False
Is 4149 a multiple of 10?
False
Is 109 a factor of 4469?
True
Is 9 a factor of 890?
False
Is 16808 a multiple of 44?
True
Does 4 divide 3621?
False
Is 1316 a multiple of 91?
False
Is 937 a multiple of 29?
False
Is 75 a factor of 43125?
True
Is 1325 a multiple of 53?
True
Is 17 a factor of 1427?
False
Is 12 a factor of 239?
False
Does 262 divide 13362?
True
Does 9 divide 3942?
True
Is 41 a factor of 2182?
False
Is 9 a factor of 2934?
True
Is 13 a factor of 1543?
False
Is 6 a factor of 174?
True
Does 97 divide 22999?
False
Does 16 divide 5291?
False
Does 4 divide 403?
False
Is 12 a factor of 46296?
True
Is 1118 a multiple of 59?
False
Is 14000 a multiple of 25?
True
Is 7 a factor of 371?
True
Is 36028 a multiple of 19?
False
Does 17 divide 1462?
True
Does 46 divide 6119?
False
Is 137 a factor of 107271?
True
Is 55 a factor of 7865?
True
Does 11 divide 407?
True
Is 3 a factor of 197?
False
Is 51 a factor of 6630?
True
Is 444 a multiple of 74?
True
Does 2 divide 200?
True
Is 713 a multiple of 5?
False
Is 22 a factor of 456?
False
Does 2 divide 908?
True
Is 62 a multiple of 3?
False
Is 13 a factor of 663?
True
Does 8 divide 3912?
True
Does 15 divide 1875?
True
Is 8870 a multiple of 7?
False
Is 13 a factor of 655?
False
Does 21 divide 2373?
True
Is 38913 a multiple of 327?
True
Is 4 a factor of 108?
True
Is 840 a multiple of 8?
True
Does 10 divide 6285?
False
Does 12 divide 24654?
False
Is 87 a factor of 20793?
True
Does 54 divide 324?
True
Is 55 a factor of 25630?
True
Does 26 divide 182?
True
Is 3100 a multiple of 62?
True
Is 7094 a multiple of 32?
False
Is 291 a factor of 33756?
True
Is 55022 a multiple of 13?
False
Does 34 divide 7047?
False
Is 15 a factor of 3876?
False
Is 3366 a multiple of 28?
False
Does 58 divide 8352?
True
Is 79 a factor of 2278?
False
Does 31 divide 186?
True
Is 18360 a multiple of 60?
True
Is 6 a factor of 3107?
False
Is 4 a factor of 16553?
False
Is 601 a multiple of 3?
False
Does 53 divide 3692?
False
Is 22962 a multiple of 88?
False
Is 53098 a multiple of 14?
False
Does 16 divide 224?
True
Is 19 a factor of 31388?
True
Is 44 a factor of 352?
True
Is 6 a factor of 234?
True
Is 4 a factor of 1596?
True
Does 12 divide 2472?
True
Is 24 a factor of 196440?
True
Does 115 divide 5750?
True
Is 52 a factor of 59237?
False
Is 15 a factor of 533?
False
Is 28 a factor of 1260?
True
Does 7 divide 461?
False
Is 143 a factor of 61649?
False
Does 14 divide 2464?
True
Does 23 divide 253?
True
Is 85 a factor of 85?
True
Is 17 a factor of 1666?
True
Does 13 divide 70556?
False
Does 12 divide 14393?
False
Is 1299 a multiple of 17?
False
Does 2 divide 41?
False
Is 402 a multiple of 16?
False
Is 87 a factor of 144420?
True
Is 168 even?
True
Is 15 a factor of 10515?
True
Does 6 divide 672?
True
Is 17776 a multiple of 88?
True
Is 23 a factor of 299?
True
Does 16 divide 1424?
True
Is 110 a factor of 11330?
True
Does 18 divide 2580?
False
Is 675 a multiple of 11?
False
Is 22 a factor of 1452?
True
Does 32 divide 53856?
True
Is 789 a multiple of 8?
False
Does 21 divide 59010?
True
Is 2 a factor of 158?
True
Does 51 divide 1138?
False
Is 13968 a multiple of 43?
False
Is 35 a factor of 1155?
True
Is 2705 a multiple of 19?
False
Does 35 divide 184?
False
Is 55 a factor of 3520?
True
Does 40 divide 48129?
False
Is 9154 a multiple of 23?
True
Is 10 a factor of 959?
False
Does 8 divide 9232?
True
Does 15 divide 1800?
True
Is 25 a factor of 640?
False
Is 3277 a multiple of 2?
False
Is 1534 a multiple of 13?
True
Is 1606 a multiple of 11?
True
Does 38 divide 41002?
True
Does 4 divide 24?
True
Is 47 a factor of 42723?
True
Does 4 divide 4683?
False
Does 19 divide 47?
False
Is 6 a factor of 1146?
True
Does 27 divide 100224?
True
Does 40 divide 759?
False
Does 13 divide 8037?
False
Does 13 divide 28015?
True
Is 12523 a multiple of 3?
False
Is 19 a factor of 66595?
True
Is 288 a multiple of 18?
True
Is 15 a factor of 1845?
True
Does 27 divide 513?
True
Is 3598 a multiple of 14?
True
Is 12 a factor of 6684?
True
Does 28 divide 756?
True
Is 14 a factor of 98?
True
Is 77 a factor of 9361?
False
Is 39 a factor of 8580?
True
Is 8 a factor of 16?
True
Does 105 divide 35112?
False
Does 25 divide 40375?
True
Does 10 divide 350?
True
Does 3 divide 3735?
True
Is 19 a factor of 114?
True
Is 950 a multiple of 19?
True
Does 7 divide 3136?
True
Does 17 divide 9382?
False
Is 108 a multiple of 27?
True
Is 88 a factor of 1921?
False
Is 5 a factor of 132?
False
Is 8 a factor of 2848?
True
Does 8 divide 171?
False
Is 62 a multiple of 3?
False
Is 954 a multiple of 10?
False
Is 381 a multiple of 68?
False
Is 38 a factor of 4788?
True
Does 11 divide 462?
True
Is 960 a multiple of 5?
True
Is 36 a factor of 3107?
False
Is 8458 a multiple of 34?
False
Is 630 a multiple of 70?
True
Does 50 divide 63985?
False
Is 21340 a multiple of 194?
True
Is 34 a multiple of 2?
True
Is 17995 a multiple of 123?
False
Is 14 a factor of 26264?
True
Is 3850 a multiple of 25?
True
Does 54 divide 7380?
False
Is 113 a factor of 6590?
False
Is 140481 a multiple of 13?
False
Is 4 a factor of 2430?
False
Is 1144 a multiple of 44?
True
Does 110 divide 8952?
False
Is 33 a factor of 165?
True
Does 69 divide 1173?
True
Is 80 a factor of 16320?
True
Does 75 divide 8400?
True
Is 30 a factor of 1110?
True
Does 84 divide 66024?
True
Is 560 a multiple of 4?
True
Does 8 divide 146?
False
Is 3060 a multiple of 9?
True
Is 1900 a multiple of 20?
True
Does 58 divide 9382?
False
Is 105 a factor of 8483?
False
Is 32 a factor of 4128?
True
Is 615 a multiple of 43?
False
Is 11 a factor of 308?
True
Is 18 a factor of 756?
True
Is 17 a factor of 44008?
False
Is 4644 a multiple of 12?
True
Is 4875 a multiple of 125?
True
Is 1364 a multiple of 45?
False
Does 12 divide 10788?
True
Does 13 divide 171?
False
Is 25 a factor of 425?
True
Does 6 divide 4446?
True
Is 2425 a multiple of 41?
False
Is 97 a factor of 1164?
True
Is 376 a factor of 51512?
True
Does 10 divide 700?
True
Is 16 a factor of 660?
False
Does 55 divide 90695?
True
Does 10 divide 15760?
True
Is 24 a factor of 456?
True
Is 19 a factor of 124?
False
Is 78 a factor of 22776?
True
Is 2 a factor of 34?
True
Does 99 divide 119988?
True
Does 24 divide 206?
False
Is 1906 a multiple of 89?
False
Does 10 divide 1563?
False
Does 95 divide 15275?
False
Does 159 divide 62328?
True
Does 24 divide 1416?
True
Is 20 a factor of 3894?
False
Is 8457 a multiple of 63?
False
Does 10 divide 870?
True
Is 98 a factor of 1372?
True
Is 82 a factor of 50970?
False
Is 845 a multiple of 29?
False
Does 106 divide 259?
False
Is 3 a factor of 639?
True
Does 28 divide 4013?
False
Is 120 a factor of 27480?
True
Does 72 divide 2878?
False
Is 2200 a multiple of 6?
False
Is 26 a factor of 442?
True
Does 77 divide 656?
False
Is 72020 a multiple of 156?
False
Is 21801 a multiple of 169?
True
Is 122 a factor of 5368?
True
Is 33 a factor of 12672?
True
Is 26859 a multiple of 21?
True
Is 4234 a multiple of 58?
True
Is 48 a factor of 2817?
False
Does 9 divide 5325?
False
Does 2 divide 11718?
True
Is 18 a factor of 1368?
True
Is 17 a factor of 439?
False
Is 20 a factor of 619?
False
Is 10989 a multiple of 16?
False
Is 837 a multiple of 37?
False
Does 129 divide 15222?
True
Is 434 a multiple of 14?
True
Is 145416 a multiple of 25?
False
Does 144 divide 7920?
True
Is 382 a multiple of 13?
False
Does 41 divide 713?
False
Does 228 divide 13106?
False
Is 1980 a multiple of 44?
True
Is 15 a factor of 630?
True
Does 13 divide 1677?
True
Does 7 divide 420?
True
Does 7 divide 1288?
True
Is 17 a factor of 1100?
False
Is 38 a factor of 11514?
True
Is 66 a factor of 